
Let x(j) = 67*j**2 + 146*j - 290. Let u be x(2). What is the greatest common factor of 1440 and u?
90
Suppose -32*r + 34*r = 6. Suppose -5*y = -0*z - z - 1980, y = -r*z + 396. Suppose 2*a + 3*a = 220. What is the highest common factor of a and y?
44
Suppose -25*w + 10905 = -820. Calculate the highest common factor of 4 and w.
1
Let g be 8 + (-16 - -4 - -61). Calculate the greatest common factor of 912 and g.
57
Suppose -t = -3, 4*t = -b + 6*t - 4. Suppose u - 315 = -4*u + p, -139 = -b*u + 3*p. What is the greatest common factor of 62 and u?
62
Let a be 10/(-150) + 822920/300. What is the greatest common factor of 39 and a?
13
Let d be -1*(-2)/(-35)*(-465)/(-93)*-91. Calculate the greatest common factor of d and 1261.
13
Let w be (-1 - 0)/(3/(-12)). Suppose h = -3*f + 6, 2*h - 19 = -4*f + 5. Calculate the highest common divisor of h and w.
4
Let d = 904 - -896. What is the highest common divisor of 30 and d?
30
Let l be 48/28 - (-2)/7. Suppose 5*u + l*a = 92, -4 + 5 = a. Suppose 4*t = 7 + 1. What is the highest common factor of u and t?
2
Let p(y) = -2*y - 36. Let x be p(-19). Let u be 54/x + 6 + -7. Suppose -2*z + 64 = 4*t, -z - 4*t + u = -16. Calculate the highest common factor of z and 2.
2
Let p = 56221 - 44218. Calculate the greatest common factor of p and 6.
3
Let c = 44 - 31. Suppose 160 = 2*b + 2*b. Suppose 3*t + c - b = 0. What is the greatest common divisor of t and 18?
9
Suppose 3*x = 2*b + x - 204, 0 = 2*x + 8. Let q = -2 + 4. What is the highest common factor of q and b?
2
Let p be -44*(315/14)/(-5). Calculate the highest common divisor of p and 414.
18
Suppose -36*h + 24 = -12*h. Let l(q) = 324*q**2 + 12*q - 11. Let s be l(h). Calculate the greatest common divisor of s and 25.
25
Suppose 4834 = 38*h - 23856. Calculate the greatest common factor of 5 and h.
5
Suppose -4*k + 40*k - 45486 = -2*k. Suppose -5*c = -10*c + 285. Calculate the highest common factor of k and c.
57
Suppose 0 = -2*x + 4*i + 1240, -2490 = -4*x + 36*i - 33*i. Calculate the highest common factor of x and 144.
48
Let b = -12836 - -14552. What is the greatest common divisor of 2112 and b?
132
Let f be (-7 + 0 + 2)*((-105)/(-25))/(-3). What is the greatest common factor of f and 343?
7
Let r be (1*11)/(-2 - -3). Suppose 16 + r = 3*b. Let u = -32805 - -32904. Calculate the greatest common factor of u and b.
9
Let z be (-12)/(4 - 5) - (16/2 - 1). What is the greatest common factor of 2275 and z?
5
Let h = 1572 - 1384. Let j = 210 - h. Let b be (-2 + 1/(-2))*-22. What is the greatest common divisor of b and j?
11
Let s(a) = -1 + 5*a - 4*a + a. Let y be s(1). Let u(m) = -162*m - 639. Let p be u(-4). What is the greatest common divisor of y and p?
1
Suppose -3*n = 3*m - 30, 4*m - 10 = -n + 24. What is the highest common factor of 896 and m?
8
Suppose -5*g - 17 = -g - v, -2*g - 3*v + 9 = 0. Let r(o) = 4*o - o**2 + 3*o**2 - 2*o. Let d be r(g). Calculate the highest common divisor of d and 8.
4
Suppose -4*o - 19 + 787 = -3*l, 2*o - l = 382. What is the highest common divisor of o and 357?
21
Let u(f) = -173*f + 6062. Let a be u(16). What is the greatest common factor of 135 and a?
27
Let m(w) = -w**3 + 17*w**2 - 50*w + 20. Let j be m(13). What is the greatest common divisor of 1472 and j?
46
Let q(p) = 108*p**2 - 177*p - 1. Let y be q(9). What is the highest common divisor of y and 196?
98
Let f(s) = -15*s + 3818. Let z be f(125). What is the greatest common divisor of z and 67?
67
Suppose 4*y + 3*b - 792 = 0, -253*b = -4*y - 252*b + 792. What is the greatest common divisor of y and 275?
11
Let k(y) = -7*y + 6. Let j be k(-3). Suppose -458 = -4*p - 5*n, 10*n = -5*p + 7*n + 579. What is the greatest common divisor of j and p?
9
Let k = -6396 + 6400. Calculate the highest common divisor of k and 13316.
4
Suppose 15*p - 17*p - 2649 = -5*l, 5*p + 1578 = 3*l. What is the greatest common factor of 236 and l?
59
Let j be (-6 - (-120)/18)/((-3)/(-9)). Suppose 5*w + 565 = 3*s, -2*s - j*w = -252 - 130. What is the greatest common factor of 10 and s?
10
Let r = 115 + -114. Let k be (24 - r) + 0 + -4. Calculate the highest common divisor of 1 and k.
1
Suppose 4*v + 5*c - 329 - 31 = 0, v + c = 90. Suppose v*g + 85 = 95*g. What is the greatest common divisor of g and 153?
17
Let n = -287 - -322. Suppose j = 2*j - 4*w - n, -j + 31 = -5*w. Calculate the highest common factor of j and 136.
17
Let j(i) = 98*i**2 + 9*i + 44. Let m be j(-4). What is the greatest common factor of 32 and m?
8
Let z = -108 + 529. Let s = z - 393. Calculate the highest common divisor of 476 and s.
28
Let p = -5934 - -17150. Calculate the highest common factor of p and 32.
16
Let g be 9/18*914 + -9. Let n = 460 - g. Calculate the highest common divisor of 300 and n.
12
Let l(a) = -a**3 + 14*a**2 - 38*a + 13. Let c be l(10). Let h(w) = -5*w + 9. Let u be h(0). Calculate the greatest common factor of c and u.
3
Let n(g) = -3*g**2 + 79*g + 1054. Let w be n(36). Suppose 2*t + 2*t = 3*u - 145, 3*t = 2*u - 95. What is the greatest common factor of w and u?
5
Let u(n) = 5*n**2 + n - 4. Let y be u(4). Suppose 0 = -4*p + 2*c + 372, 3*p - 236 = c + 40. Let t = p - y. What is the highest common factor of t and 170?
10
Suppose -7*z - 23*z = -1050. Calculate the greatest common factor of z and 5705.
35
Let m = -23 + 101. Let c be (-5)/(2 - 162/m). Calculate the greatest common factor of 13 and c.
13
Suppose 70 = 17*r - 7*r. Let j be 12/(-1 - -3) + -1. Suppose 0 = 3*z - j*t - 272, 0*z + 172 = 2*z - t. What is the highest common factor of z and r?
7
Suppose 409*b - 3120 = 100*b + 189*b. Suppose 828 = n + m, 2*m = -3*m - 20. What is the greatest common divisor of b and n?
26
Suppose x + 6 = 2*i - 8, 0 = 4*i + 3*x - 38. Suppose -i*o + 288 = 4*o. What is the highest common factor of 72 and o?
24
Suppose 36*d + 4*d = 280. Let l = 353 - 129. What is the highest common divisor of d and l?
7
Let t(h) = h**3 - 21*h**2 + 5*h + 63. Let j be t(21). Suppose -40 = -26*l + j. Calculate the greatest common factor of l and 16.
8
Suppose 10*v + 834 = 13*v. Let i = 289 - v. What is the greatest common divisor of 704 and i?
11
Let h = -12385 - -12817. Calculate the highest common factor of 2214 and h.
54
Let c(w) = -22*w + 322. Let i be c(13). What is the greatest common factor of 188 and i?
4
Let o be (-21955)/(-84) - 6/21 - (-1)/(-12). Suppose 3*j - 36 = -r, 21 = 2*j - 5*r - 3. Let f = 41 - j. What is the highest common divisor of o and f?
29
Suppose 0*i + 2*i + 10 = -o, -o - 7 = i. Let k = o + 25. Suppose -2254 = -8*l - 37*l - l. What is the highest common divisor of k and l?
7
Let c(p) = -2*p**3 - 5*p**2 - 7*p - 5. Let j be c(-2). Suppose 33 + 65 = 2*m - 5*l, -245 = -j*m - l. What is the greatest common divisor of m and 49?
49
Let f(n) = 5*n**2 - 17*n - 28. Let m be f(7). What is the highest common divisor of 28 and m?
14
Let b = 729 + -475. Let z = b + -146. Calculate the greatest common factor of 72 and z.
36
Suppose 1145 = 5*c - 60. Let f = c + -129. Let y = 101 + -85. What is the highest common divisor of y and f?
16
Let d = 7 + 27. Suppose -3*y - d = -q, -q + 21 = 5*y - 29. Calculate the highest common factor of q and 60.
20
Let d = -364 + 363. Let w(i) = -3*i. Let t be w(d). Let o = 59 - 32. What is the highest common divisor of t and o?
3
Let j be 1420/9 + (-2)/(-9) + -1. Let k = 294 - j. Let n be (-23)/46 + k/2. What is the greatest common factor of n and 102?
34
Let q = -36 + 76. Suppose -4*g - 3*p - 45 = -129, -p = 2*g - q. Calculate the highest common factor of 324 and g.
18
Let f(a) = 98*a**2 + 27*a - 50. Let q be f(2). Let i(m) = -2*m**3 + m + 12 + 3*m**3 - 2 + 26. Let d be i(0). What is the greatest common factor of q and d?
36
Let l(j) = -3*j**3 - 6*j**2 - 6*j - 6. Let c(w) = w**3 - w**2 + w. Let a(s) = 2*c(s) + l(s). Let i be a(-8). What is the greatest common factor of 13 and i?
13
Let s = -178 + 203. Suppose 3*c - 32 = 4*y, -2*c + y = 2 - s. Calculate the highest common factor of 192 and c.
12
Suppose -5*k + 19394 = 4*f, -5892 + 20421 = 3*f + k. What is the greatest common factor of 103 and f?
103
Let w be 3505/1 - (856/(-642))/((-6)/(-9)). What is the highest common factor of 84 and w?
21
Let g be 80/320*24*2. What is the greatest common divisor of 7692 and g?
12
Let t be 1 + -1 + -1 - -55. Let m(a) = -a**2 + 33*a + 14